 are the prime factors of 31574806?
2, 15787403
What are the prime factors of 2459266772?
2, 614816693
List the prime factors of 799751456.
2, 7, 3570319
What are the prime factors of 1739472957?
3, 23, 691, 12161
List the prime factors of 212166533.
2011, 105503
List the prime factors of 969019004.
2, 643, 376757
What are the prime factors of 84309639?
3, 113, 248701
List the prime factors of 2799642917.
2799642917
What are the prime factors of 1121945582?
2, 431, 1301561
What are the prime factors of 381543466?
2, 10663, 17891
List the prime factors of 2930156590.
2, 5, 293015659
List the prime factors of 333274375.
5, 7, 17, 4481
List the prime factors of 217768490.
2, 5, 31, 73, 9623
What are the prime factors of 86140973?
359, 239947
List the prime factors of 1674286730.
2, 5, 167428673
What are the prime factors of 162259391?
7, 127, 182519
List the prime factors of 4039847.
7, 61, 9461
What are the prime factors of 463940643?
3, 154646881
List the prime factors of 395619131.
29, 59, 3919
What are the prime factors of 24559332?
2, 3, 7, 61, 4793
What are the prime factors of 309720927?
3, 103240309
What are the prime factors of 5781162157?
239, 24188963
List the prime factors of 353871096.
2, 3, 14744629
What are the prime factors of 3390362333?
97, 34952189
List the prime factors of 10545659.
10545659
List the prime factors of 9305862.
2, 3, 137, 11321
List the prime factors of 1861728666.
2, 3, 7, 44326873
List the prime factors of 1564388345.
5, 13, 24067513
List the prime factors of 35553208.
2, 727, 6113
What are the prime factors of 1385752550?
2, 5, 7, 13, 304561
What are the prime factors of 4172749215?
3, 5, 278183281
What are the prime factors of 63488854?
2, 11, 13, 221989
What are the prime factors of 147889246?
2, 1453, 50891
List the prime factors of 35988532.
2, 373, 24121
List the prime factors of 353852564.
2, 13, 6804857
What are the prime factors of 55895893?
6367, 8779
What are the prime factors of 411309759?
3, 7, 23, 851573
List the prime factors of 852588459.
3, 94732051
What are the prime factors of 51119981?
11, 4647271
List the prime factors of 410067773.
41, 3109, 3217
List the prime factors of 266484520.
2, 5, 17, 391889
What are the prime factors of 74681231?
167, 447193
What are the prime factors of 35511417?
3, 197, 20029
What are the prime factors of 250879722?
2, 3, 23, 1817969
What are the prime factors of 39296697?
3, 11, 1190809
What are the prime factors of 212681469?
3, 7, 11, 13, 70823
List the prime factors of 140142630.
2, 3, 5, 31, 4861
What are the prime factors of 6353599?
7, 907657
List the prime factors of 110527544.
2, 43, 321301
What are the prime factors of 439185482?
2, 61, 3599881
What are the prime factors of 36363713?
23, 31, 51001
What are the prime factors of 3271012007?
17, 569, 338159
List the prime factors of 215911976.
2, 7, 3855571
List the prime factors of 47665562.
2, 7, 3404683
List the prime factors of 637656603.
3, 212552201
List the prime factors of 1643225409.
3, 7, 23, 53, 21397
What are the prime factors of 168161102?
2, 149, 564299
List the prime factors of 245912704.
2, 733, 2621
What are the prime factors of 44099504?
2, 2756219
What are the prime factors of 1865464?
2, 233183
List the prime factors of 152603513.
139, 281, 3907
List the prime factors of 15051588.
2, 3, 197, 6367
List the prime factors of 202554041.
19, 269, 39631
List the prime factors of 27211801.
27211801
What are the prime factors of 548005429?
19, 23, 1254017
What are the prime factors of 14127880?
2, 5, 13, 101, 269
List the prime factors of 496028027.
11, 61, 97, 7621
List the prime factors of 256630073.
7, 359, 102121
What are the prime factors of 106494604?
2, 71, 374981
What are the prime factors of 1137842764?
2, 284460691
List the prime factors of 58765642.
2, 13, 2260217
List the prime factors of 930601852.
2, 3851, 60413
List the prime factors of 19439306.
2, 277, 35089
List the prime factors of 100317317.
47, 45413
What are the prime factors of 131657096?
2, 131, 125627
List the prime factors of 1046769826.
2, 1049, 498937
List the prime factors of 2819595.
3, 5, 187973
List the prime factors of 1088492794.
2, 11351, 47947
What are the prime factors of 5911581669?
3, 7, 281503889
List the prime factors of 143992902.
2, 3, 41, 585337
List the prime factors of 1273949274.
2, 3, 13, 1009, 16187
What are the prime factors of 694123859?
11, 13, 1093, 4441
List the prime factors of 419529159.
3, 7, 2219731
What are the prime factors of 32634203?
7, 17, 274237
What are the prime factors of 434609203?
7, 62087029
What are the prime factors of 214422577?
53, 769, 5261
List the prime factors of 1048760404.
2, 19, 13799479
What are the prime factors of 41178772?
2, 487, 21139
List the prime factors of 1438842145.
5, 13, 53, 59, 7079
List the prime factors of 260345277.
3, 19, 1522487
What are the prime factors of 1149330399?
3, 7, 97, 564227
List the prime factors of 292795517.
7, 1567, 26693
List the prime factors of 2570077867.
7, 17, 1270429
What are the prime factors of 6466026?
2, 3, 7, 153953
List the prime factors of 2220533550.
2, 3, 5, 107, 431
What are the prime factors of 16005109?
17, 55381
What are the prime factors of 580758220?
2, 5, 7, 383, 10831
What are the prime factors of 760850314?
2, 7, 37, 1201, 1223
What are the prime factors of 272945055?
3, 5, 18196337
List the prime factors of 496605050.
2, 5, 9932101
What are the prime factors of 389991979?
13, 23, 1304321
What are the prime factors of 4731849317?
13, 23, 15825583
What are the prime factors of 3458260302?
2, 3, 7, 673, 122347
List the prime factors of 102733530.
2, 3, 5, 197, 17383
List the prime factors of 2139824732.
2, 1013, 528091
List the prime factors of 8760928692.
2, 3, 727, 1004233
List the prime factors of 96864375.
3, 5, 19, 2719
What are the prime factors of 176781429?
3, 11, 47, 37993
What are the prime factors of 96309000?
2, 3, 5, 29, 41
List the prime factors of 55643466.
2, 3, 691, 13421
What are the prime factors of 240095741?
240095741
What are the prime factors of 8479301?
19, 446279
List the prime factors of 940714734.
2, 3, 2539, 61751
What are the prime factors of 5270756303?
2551, 2066153
List the prime factors of 652182729.
3, 11, 2203, 8971
What are the prime factors of 440161721?
47, 311, 30113
List the prime factors of 414535243.
163, 193, 13177
List the prime factors of 9219203250.
2, 3, 5, 12292271
List the prime factors of 1130461636.
2, 5647, 50047
List the prime factors of 194970220.
2, 5, 59, 165229
What are the prime factors of 1697289539?
11, 154299049
List the prime factors of 323503636.
2, 103, 785203
List the prime factors of 5163152942.
2, 2581576471
List the prime factors of 159696237.
3, 607, 87697
What are the prime factors of 37021303?
11, 503, 6691
List the prime factors of 240049072.
2, 15003067
What are the prime factors of 431645189?
431645189
What are the prime factors of 144652995?
3, 5, 113, 28447
List the prime factors of 351336596.
2, 13, 269, 25117
List the prime factors of 123210446.
2, 61605223
List the prime factors of 223594895.
5, 1531, 29209
What are the prime factors of 1937469135?
3, 5, 7, 1103, 16729
List the prime factors of 66155124.
2, 3, 7, 89, 8849
What are the prime factors of 838690592?
2, 26209081
List the prime factors of 15533820.
2, 3, 5, 211, 409
List the prime factors of 255605848.
2, 31950731
What are the prime factors of 6421881?
3, 2140627
List the prime factors of 1357644919.
67, 673, 30109
What are the prime factors of 10915721?
53, 205957
What are the prime factors of 46780346?
2, 23390173
What are the prime factors of 8686997?
11, 277, 2851
What are the prime factors of 6273344?
2, 7, 11, 19, 67
What are the prime factors of 337187986?
2, 168593993
List the prime factors of 119790.
2, 3, 5, 11
List the prime factors of 179203167.
3, 11, 13, 139241
List the prime factors of 61611662.
2, 7, 491, 8963
What are the prime factors of 51517787?
1657, 31091
What are the prime factors of 105315002?
2, 13, 257, 15761
What are the prime factors of 1546875381?
3, 7699, 66973
List the prime factors of 14190094.
2, 2621, 2707
What are the prime factors of 320240592?
2, 3, 7, 19, 23, 727
List the prime factors of 1751467074.
2, 3, 7, 121579
List th